ighest common divisor of 110 and 418.
22
What is the highest common factor of 40 and 112?
8
Calculate the highest common factor of 451 and 11.
11
Calculate the highest common divisor of 59 and 1829.
59
Calculate the highest common factor of 108 and 276.
12
What is the highest common divisor of 1 and 109?
1
What is the greatest common divisor of 9325 and 150?
25
What is the highest common divisor of 26 and 1937?
13
Calculate the highest common factor of 2124 and 2360.
236
What is the highest common divisor of 18 and 26?
2
Calculate the highest common factor of 156 and 429.
39
What is the highest common factor of 83 and 747?
83
What is the highest common divisor of 201 and 1541?
67
What is the greatest common factor of 1140 and 300?
60
What is the highest common factor of 34660 and 20?
20
What is the highest common factor of 1780 and 17444?
356
Calculate the highest common divisor of 3822 and 624.
78
Calculate the highest common factor of 6282 and 4.
2
What is the highest common factor of 2209 and 235?
47
What is the highest common factor of 48 and 900?
12
What is the highest common factor of 130 and 3146?
26
What is the highest common divisor of 1685 and 5?
5
What is the highest common divisor of 32 and 1632?
32
What is the greatest common factor of 51 and 561?
51
Calculate the highest common divisor of 3300 and 150.
150
Calculate the highest common divisor of 400 and 160.
80
Calculate the highest common factor of 3053 and 129.
43
What is the highest common divisor of 530 and 689?
53
Calculate the greatest common divisor of 16 and 9872.
16
Calculate the greatest common factor of 485 and 388.
97
Calculate the highest common divisor of 3224 and 184.
8
What is the highest common divisor of 305 and 35?
5
What is the greatest common factor of 792 and 22?
22
What is the highest common divisor of 54 and 144?
18
Calculate the greatest common factor of 4459 and 78.
13
What is the greatest common divisor of 36 and 14244?
12
Calculate the greatest common factor of 24 and 16.
8
Calculate the greatest common divisor of 128 and 96.
32
What is the greatest common factor of 18 and 90?
18
What is the highest common factor of 45 and 90?
45
What is the greatest common factor of 16 and 1476?
4
Calculate the greatest common factor of 106 and 109498.
106
Calculate the greatest common divisor of 201 and 9.
3
What is the highest common divisor of 60 and 48?
12
Calculate the highest common divisor of 220 and 70.
10
Calculate the highest common factor of 64 and 864.
32
Calculate the highest common divisor of 3 and 183.
3
What is the highest common divisor of 198 and 36?
18
What is the greatest common factor of 50 and 450?
50
What is the greatest common divisor of 1 and 3?
1
Calculate the greatest common factor of 1155 and 3885.
105
What is the greatest common factor of 60 and 160?
20
What is the highest common factor of 115 and 1?
1
What is the highest common factor of 8703 and 9?
9
What is the highest common factor of 112 and 28?
28
What is the greatest common divisor of 1480 and 10?
10
What is the greatest common divisor of 12 and 90204?
12
What is the highest common divisor of 41679 and 99?
99
What is the greatest common divisor of 2 and 2468?
2
Calculate the greatest common divisor of 22 and 5.
1
Calculate the greatest common factor of 1688 and 256.
8
What is the greatest common divisor of 180 and 6060?
60
Calculate the highest common factor of 36 and 5172.
12
What is the highest common factor of 45 and 45?
45
Calculate the highest common divisor of 72 and 8334.
18
What is the greatest common factor of 11275 and 123?
41
What is the greatest common divisor of 10 and 2385?
5
Calculate the greatest common divisor of 290 and 10.
10
What is the greatest common divisor of 102 and 7446?
102
Calculate the greatest common divisor of 4439 and 23.
23
What is the highest common factor of 1974 and 56?
14
What is the greatest common factor of 182 and 117?
13
What is the greatest common factor of 1400 and 3584?
56
What is the highest common factor of 4 and 148?
4
What is the greatest common divisor of 55 and 755?
5
What is the greatest common divisor of 60 and 408?
12
What is the greatest common factor of 12 and 9270?
6
Calculate the highest common divisor of 611 and 94.
47
Calculate the greatest common factor of 180 and 162.
18
What is the greatest common divisor of 481 and 407?
37
What is the highest common divisor of 42 and 91?
7
Calculate the highest common factor of 5400 and 45.
45
What is the greatest common factor of 120 and 312?
24
What is the greatest common factor of 913 and 11?
11
Calculate the greatest common divisor of 110 and 506.
22
Calculate the greatest common factor of 174 and 1682.
58
What is the greatest common factor of 82 and 82?
82
What is the greatest common divisor of 28 and 378?
14
What is the greatest common divisor of 184 and 460?
92
Calculate the highest common divisor of 42 and 288.
6
What is the greatest common factor of 28 and 428?
4
What is the highest common divisor of 624 and 48?
48
What is the greatest common divisor of 114 and 988?
38
Calculate the highest common divisor of 28 and 2716.
28
Calculate the highest common divisor of 18383 and 31.
31
Calculate the greatest common divisor of 90 and 45810.
90
What is the greatest common divisor of 10 and 1090?
10
Calculate the highest common divisor of 260 and 208.
52
What is the highest common factor of 37 and 30266?
37
Calculate the highest common factor of 50 and 1474.
2
Calculate the highest common factor of 14 and 4.
2
Calculate the highest common factor of 68 and 612.
68
What is the greatest common factor of 1144 and 440?
88
Calculate the greatest common divisor of 35 and 28525.
35
What is the greatest common factor of 884 and 1105?
221
Calculate the greatest common factor of 189 and 9.
9
Calculate the highest common divisor of 20 and 1060.
20
Calculate the highest common divisor of 235 and 188.
47
Calculate the highest common factor of 52 and 65.
13
What is the highest common factor of 464 and 377?
29
Calculate the highest common divisor of 38 and 9082.
38
Calculate the greatest common factor of 625 and 2000.
125
Calculate the highest common divisor of 4 and 50.
2
What is the highest common divisor of 1444 and 304?
76
Calculate the greatest common divisor of 114 and 72.
6
Calculate the highest common divisor of 11776 and 414.
46
Calculate the greatest common divisor of 50 and 18.
2
Calculate the greatest common factor of 3600 and 700.
100
What is the highest common factor of 15 and 915?
15
Calculate the greatest common factor of 396 and 6204.
132
Calculate the greatest common factor of 2 and 32.
2
Calculate the highest common divisor of 16443 and 14.
7
What is the highest common factor of 1912 and 80?
8
Calculate the greatest common factor of 21 and 77.
7
Calculate the highest common divisor of 5014 and 1242.
46
What is the highest common divisor of 12396 and 12?
12
What is the greatest common divisor of 1736 and 1344?
56
Calculate the highest common divisor of 198 and 801.
9
Calculate the highest common factor of 114 and 864.
6
What is the greatest common factor of 207 and 36?
9
What is the highest common divisor of 54 and 15606?
54
Calculate the greatest common divisor of 52290 and 18.
18
What is the highest common divisor of 1003 and 34?
17
What is the highest common factor of 2187 and 324?
81
Calculate the greatest common factor of 770 and 40.
10
What is the highest common divisor of 120 and 90?
30
What is the greatest common divisor of 560 and 490?
70
What is the highest common factor of 30 and 40?
10
Calculate the greatest common divisor of 9674 and 154.
14
What is the greatest common divisor of 280 and 20?
20
Calculate the greatest common factor of 264 and 32.
8
What is the highest common divisor of 1606 and 165?
11
Calculate the highest common divisor of 7 and 49.
7
What is the highest common factor of 237 and 15?
3
What is the highest common divisor of 24 and 804?
12
What is the greatest common factor of 280 and 2?
2
What is the greatest common factor of 657 and 146?
73
What is the highest common divisor of 38 and 4826?
38
Calculate the greatest common divisor of 104 and 3068.
52
What is the highest common factor of 780 and 10725?
195
Calculate the greatest common divisor of 3268 